8?
7
Convert 28b (base 12) to base 11.
32a
Convert 12b (base 13) to base 4.
3032
What is -22 (base 13) in base 5?
-103
-26 (base 13) to base 2
-100000
What is -1 (base 13) in base 14?
-1
-1 (base 7) to base 8
-1
Convert -3e (base 15) to base 12.
-4b
13 (base 4) to base 8
7
-44 (base 8) to base 10
-36
Convert 5 (base 11) to base 10.
5
Convert 1001 (base 2) to base 3.
100
Convert -11 (base 3) to base 9.
-4
0 (base 4) to base 8
0
What is -12 (base 9) in base 11?
-10
Convert -25 (base 9) to base 8.
-27
16 (base 11) to base 2
10001
-1310 (base 4) to base 12
-98
Convert 1001 (base 3) to base 16.
1c
Convert 3 (base 14) to base 11.
3
11 (base 2) to base 3
10
-2 (base 3) to base 8
-2
90 (base 11) to base 7
201
What is 1 (base 10) in base 9?
1
What is 0 (base 3) in base 8?
0
11101100 (base 2) to base 5
1421
Convert -100 (base 2) to base 13.
-4
-10 (base 6) to base 12
-6
Convert -125 (base 7) to base 10.
-68
Convert 1 (base 4) to base 13.
1
What is -3 (base 9) in base 16?
-3
113 (base 11) to base 16
87
What is -1222 (base 3) in base 2?
-110101
16 (base 15) to base 10
21
What is -6 (base 13) in base 7?
-6
-6 (base 13) to base 10
-6
111 (base 5) to base 12
27
Convert 2 (base 8) to base 12.
2
-1 (base 12) to base 6
-1
What is -20022 (base 3) in base 9?
-208
-90 (base 10) to base 11
-82
What is -53 (base 9) in base 6?
-120
What is -47 (base 9) in base 6?
-111
Convert 1 (base 12) to base 15.
1
Convert 4c (base 14) to base 8.
104
What is -10011100 (base 2) in base 12?
-110
What is 110 (base 2) in base 3?
20
3 (base 11) to base 16
3
17 (base 10) to base 8
21
What is -19 (base 15) in base 13?
-1b
-38 (base 11) to base 5
-131
53 (base 7) to base 10
38
What is 4 (base 13) in base 3?
11
Convert 11 (base 7) to base 13.
8
Convert 122 (base 16) to base 12.
202
Convert -33 (base 10) to base 7.
-45
Convert 0 (base 12) to base 3.
0
What is -421 (base 7) in base 3?
-21211
What is -7 (base 16) in base 9?
-7
What is -78 (base 14) in base 6?
-254
What is 20 (base 4) in base 9?
8
Convert 12 (base 15) to base 12.
15
Convert 10111111 (base 2) to base 12.
13b
-10 (base 5) to base 9
-5
0 (base 3) to base 4
0
What is -1001 (base 2) in base 14?
-9
-11 (base 3) to base 6
-4
Convert -a (base 11) to base 13.
-a
Convert -12 (base 11) to base 15.
-d
Convert 2012 (base 4) to base 9.
158
What is -101 (base 2) in base 5?
-10
What is 2 (base 12) in base 2?
10
-4 (base 5) to base 12
-4
-10 (base 2) to base 8
-2
-8 (base 9) to base 14
-8
Convert -10 (base 2) to base 8.
-2
301 (base 5) to base 8
114
Convert 5 (base 16) to base 4.
11
0 (base 14) to base 11
0
-9 (base 14) to base 5
-14
What is 11100101 (base 2) in base 7?
445
-1 (base 9) to base 2
-1
What is -3 (base 11) in base 13?
-3
-e5 (base 15) to base 5
-1330
Convert -88 (base 9) to base 7.
-143
Convert 157 (base 10) to base 3.
12211
11 (base 4) to base 7
5
What is 123 (base 6) in base 15?
36
Convert -12 (base 15) to base 7.
-23
15 (base 6) to base 14
b
-13 (base 11) to base 10
-14
What is 1 (base 7) in base 4?
1
Convert 0 (base 12) to base 10.
0
What is -187 (base 10) in base 5?
-1222
What is 325 (base 7) in base 15?
b1
Convert -3 (base 9) to base 6.
-3
Convert 20112 (base 3) to base 7.
341
-34 (base 16) to base 3
-1221
Convert -1 (base 10) to base 9.
-1
What is 8 (base 11) in base 2?
1000
Convert 1 (base 14) to base 16.
1
6 (base 8) to base 6
10
-43 (base 10) to base 9
-47
What is 18 (base 12) in base 11?
19
What is -4b (base 13) in base 12?
-53
-18 (base 15) to base 13
-1a
Convert 5 (base 11) to base 9.
5
What is -2121 (base 3) in base 8?
-106
6 (base 11) to base 7
6
71 (base 8) to base 15
3c
What is 4 (base 15) in base 7?
4
What is -10 (base 7) in base 15?
-7
Convert -3 (base 15) to base 5.
-3
Convert 10 (base 9) to base 3.
100
What is 2 (base 16) in base 5?
2
50 (base 11) to base 15
3a
-12 (base 4) to base 15
-6
Convert -1 (base 14) to base 8.
-1
Convert 1 (base 3) to base 2.
1
Convert 5 (base 15) to base 9.
5
Convert 2 (base 10) to base 14.
2
What is -221 (base 3) in base 8?
-31
What is 75 (base 12) in base 6?
225
Convert 0 (base 10) to base 2.
0
8 (base 14) to base 3
22
Convert 132 (base 4) to base 6.
50
What is 22 (base 7) in base 9?
17
5 (base 13) to base 8
5
6 (base 7) to base 11
6
What is -82 (base 14) in base 3?
-11020
Convert 110 (base 4) to base 11.
19
-20 (base 6) to base 2
-1100
Convert -27 (base 10) to base 15.
-1c
What is 37 (base 16) in base 11?
50
11 (base 4) to base 14
5
Convert -5 (base 11) to base 9.
-5
400 (base 6) to base 9
170
Convert 0 (base 15) to base 12.
0
What is 5 (base 13) in base 2?
101
Convert -3 (base 13) to base 16.
-3
Convert 3 (base 15) to base 14.
3
Convert -87 (base 9) to base 14.
-59
Convert 111 (base 3) to base 10.
13
11 (base 13) to base 14
10
Convert 2 (base 10) to base 8.
2
16 (base 10) to base 11
15
-4 (base 6) to base 4
-10
-42 (base 7) to base 3
-1010
What is -2 (base 4) in base 15?
-2
What is 6 (base 16) in base 11?
6
Convert 2 (base 12) to base 16.
2
What is 7 (base 10) in base 12?
7
What is -10 (base 3) in base 16?
-3
Convert 5 (base 12) to base 4.
11
What is 1 (base 13) in base 4?
1
-2 (base 16) to base 11
-2
Convert -3 (base 16) to base 3.
-10
Convert 178 (base 9) to base 5.
1102
What is -107 (base 9) in base 6?
-224
10 (base 3) to base 5
3
What is -112 (base 9) in base 2?
-1011100
-286 (base 9) to base 8
-360
Convert -1 (base 16) to base 5.
-1
Convert 13 (base 5) to base 12.
8
Convert -2 (base 10) to base 7.
-2
-102 (base 4) to base 3
-200
d (base 16) to base 13
10
11 (base 3) to base 7
4
What is 14 (base 11) in base 10?
15
Convert 268 (base 11) to base 6.
1244
What is -18 (base 11) in base 7?
-25
Convert 0 (base 7) to base 16.
0
What is -10220 (base 3) in base 12?
-89
108 (base 13) to base 4
2301
Convert -3 (base 5) to base 2.
-11
What is 2 (base 7) in base 9?
2
-15 (base 7) to base 8
-14
What is -59 (base 13) in base 11?
-68
What is -1 (base 6) in base 2?
-1
24 (base 6) to base 7
22
57 (base 9) to base 7
103
What is -2 (base 9) in base 10?
-2
What is -13 (base 10) in base 11?
-12
Convert -1 (base 11) to base 8.
-1
Convert -6 (base 15) to base 4.
-12
What is -32 (base 11) in base 8?
-43
What is -265 (base 9) in base 7?
-434
What is 13 (base 4) in base 14?
7
-4 (base 8) to base 15
-4
-52 (base 6) to base 16
-20
Convert 302 (base 6) to base 4.
1232
What is -10 (base 11) in base 4?
-23
-2 (base 15) to base 7
-2
What is -3 (base 14) in base 13?
-3
Convert -24 (base 7) to base 14.
-14
What is 7 (base 15) in base 11?
7
Convert 20010 (base 3) to base 6.
433
What is 202 (base 7) in base 15?
6a
-2102 (base 3) to base 2
-1000001
-1 (base 6) to base 14
-1
Convert 2 (base 11) to base 9.
2
What is -14a (base 14) in base 15?
-127
What is -a (base 16) in base 6?
-14
Convert 2 (base 10) to base 13.
2
-27 (base 13) to base 8
-41
14 (base 5) to base 13
9
What is 1a3 (base 14) in base 8?
523
What is 331 (base 7) in base 14?
c1
What is -251 (base 6) in base 5?
-403
ac (base 14) to base 15
a2
What is -21 (base 8) in base 9?
-18
-212 (base 3) to base 8
-27
What is -334 (base 5) in base 15?
-64
What is 2 (base 4) in base 10?
2
What is 2a (base 14) in base 16?
26
What is 3 (base 5) in base 7?
3
-101 (base 3) to base 6
-14
2 (base 15) to base 13
2
Convert 2 (base 7) to base 4.
2
-10101 (base 2) to base 7
-30
-10 (base 13) to base 16
-d
What is 4 (base 5) in base 10?
4
What is 1000 (base 3) in base 14?
1d
Convert -10 (base 11) to base 3.
-102
Convert 0 (base 8) to base 15.
0
Convert -1 (base 14) to base 2.
-1
0 (base 10) to base 12
0
What is -10111 (base 2) in base 16?
-17
-1001011 (base 2) to base 10
-75
Convert -4 (base 9) to base 4.
-10
Convert -313 (base 5) to base 13.
-65
What is 0 (base 14) in base 3?
0
What is -12 (base 6) in base 8?
-10
Convert -4 (base 7) to base 15.
-4
What is -a (base 12) in base 16?
-a
-10 (base 14) to base 5
-24
Convert -62 (base 11) to base 15.
-48
What is 167 (base 8) in base 2?
1110111
47 (base 13) to base 7
113
6 (base 11) to base 13
6
Convert -8 (base 16) to base 4.
-20
-3 (base 7) to base 14
-3
Convert 227 (base 10) to base 12.
16b
-104 (base 8) to base 7
-125
Convert -304 (base 10) to base 8.
-460
Convert 0 (base 16) to base 7.
0
-2 (base 7) to base 12
-2
What is 12 (base 11) in base 2?
1101
What is 2 (base 14) in base 16?
2
Convert 1 (base 5) to base 12.
1
What is -3 